late the greatest common divisor of 34 and 187.
17
What is the highest common factor of 43099 and 47?
47
Calculate the greatest common factor of 12 and 4728.
12
Calculate the greatest common factor of 170 and 370.
10
What is the greatest common divisor of 1024 and 832?
64
What is the highest common factor of 14 and 14?
14
What is the highest common factor of 297 and 66?
33
What is the highest common factor of 1578 and 4?
2
Calculate the highest common divisor of 2870 and 5.
5
What is the greatest common divisor of 2449 and 79?
79
What is the highest common divisor of 168 and 42?
42
Calculate the greatest common factor of 24480 and 68.
68
What is the greatest common factor of 26 and 11492?
26
What is the highest common factor of 21 and 14?
7
Calculate the highest common divisor of 25 and 355.
5
Calculate the greatest common divisor of 16 and 40.
8
What is the highest common factor of 232 and 24?
8
What is the highest common factor of 1255 and 25?
5
Calculate the highest common divisor of 74 and 333.
37
Calculate the greatest common factor of 2162 and 282.
94
What is the greatest common divisor of 186 and 3999?
93
Calculate the highest common factor of 11424 and 140.
28
Calculate the greatest common divisor of 21 and 7581.
21
What is the greatest common factor of 28 and 64?
4
What is the greatest common factor of 649 and 11?
11
Calculate the greatest common divisor of 128 and 112.
16
Calculate the greatest common factor of 1755 and 45.
45
Calculate the highest common factor of 10 and 250.
10
Calculate the greatest common divisor of 21 and 329.
7
Calculate the greatest common factor of 1 and 4483.
1
What is the highest common factor of 48 and 4272?
48
Calculate the greatest common factor of 2575 and 25.
25
What is the highest common factor of 586 and 2?
2
What is the highest common divisor of 168 and 17192?
56
Calculate the highest common divisor of 14 and 154.
14
Calculate the highest common factor of 3616 and 1130.
226
Calculate the greatest common factor of 460 and 3312.
92
Calculate the greatest common divisor of 144 and 28.
4
What is the greatest common factor of 20539 and 19?
19
What is the greatest common divisor of 105 and 147?
21
Calculate the greatest common divisor of 302 and 16.
2
Calculate the greatest common factor of 8 and 26.
2
Calculate the highest common divisor of 2010 and 750.
30
What is the highest common factor of 78 and 3406?
26
Calculate the greatest common factor of 656 and 82.
82
Calculate the greatest common divisor of 28079 and 43.
43
Calculate the greatest common factor of 4 and 49.
1
What is the highest common divisor of 106 and 2?
2
Calculate the greatest common factor of 66 and 330.
66
Calculate the highest common factor of 11 and 1067.
11
Calculate the greatest common divisor of 4475 and 5.
5
What is the greatest common factor of 94 and 47?
47
What is the greatest common factor of 198 and 352?
22
Calculate the highest common divisor of 153 and 18.
9
Calculate the highest common divisor of 3293 and 111.
37
What is the highest common divisor of 611 and 104?
13
What is the greatest common factor of 14 and 896?
14
What is the greatest common divisor of 2080 and 390?
130
What is the greatest common divisor of 216 and 27?
27
Calculate the highest common divisor of 228 and 12.
12
What is the greatest common divisor of 7 and 133?
7
What is the highest common divisor of 546 and 10738?
182
What is the highest common divisor of 774 and 36?
18
What is the greatest common factor of 49 and 7?
7
Calculate the greatest common divisor of 4984 and 56.
56
What is the highest common factor of 20 and 428?
4
Calculate the greatest common factor of 620 and 31.
31
Calculate the highest common factor of 295 and 177.
59
Calculate the greatest common divisor of 2 and 25.
1
Calculate the greatest common divisor of 377 and 29.
29
Calculate the highest common divisor of 224 and 6412.
28
What is the highest common divisor of 6057 and 9?
9
What is the highest common factor of 1 and 7?
1
Calculate the highest common factor of 16 and 2.
2
What is the highest common factor of 322 and 46?
46
What is the greatest common divisor of 76 and 817?
19
What is the greatest common factor of 1175 and 141?
47
Calculate the greatest common factor of 42 and 8.
2
Calculate the highest common divisor of 13 and 728.
13
What is the highest common factor of 62 and 2?
2
Calculate the highest common divisor of 24 and 20964.
12
What is the greatest common factor of 14 and 18214?
14
What is the highest common divisor of 40 and 55?
5
What is the highest common factor of 125 and 1000?
125
What is the highest common factor of 32 and 600?
8
Calculate the highest common divisor of 156 and 351.
39
What is the highest common factor of 275 and 1225?
25
What is the highest common factor of 320 and 152?
8
Calculate the highest common factor of 1688 and 20.
4
What is the highest common divisor of 65 and 117?
13
Calculate the greatest common factor of 303 and 12.
3
Calculate the highest common factor of 51 and 391.
17
Calculate the greatest common divisor of 30 and 48.
6
Calculate the highest common factor of 36 and 31662.
18
Calculate the highest common divisor of 170 and 136.
34
Calculate the highest common factor of 54 and 36.
18
What is the highest common divisor of 869 and 110?
11
Calculate the highest common factor of 703 and 38.
19
Calculate the greatest common divisor of 513 and 846.
9
What is the greatest common factor of 4410 and 30?
30
What is the highest common factor of 38 and 2717?
19
What is the greatest common divisor of 105 and 63?
21
Calculate the highest common divisor of 11 and 10021.
11
What is the greatest common factor of 441 and 49?
49
Calculate the highest common factor of 5771 and 1393.
199
What is the highest common factor of 312 and 1216?
8
Calculate the highest common factor of 30 and 115.
5
What is the greatest common divisor of 300 and 240?
60
What is the greatest common divisor of 40 and 100?
20
What is the greatest common factor of 609 and 21?
21
What is the highest common factor of 1500 and 120?
60
What is the greatest common divisor of 52 and 299?
13
What is the highest common divisor of 34 and 30872?
34
Calculate the greatest common factor of 112 and 119.
7
What is the highest common factor of 196 and 84?
28
What is the highest common divisor of 3052 and 42?
14
Calculate the greatest common factor of 35 and 511.
7
Calculate the highest common factor of 26564 and 87.
29
What is the greatest common factor of 355 and 25?
5
Calculate the highest common factor of 847 and 22.
11
Calculate the highest common factor of 584 and 48.
8
What is the greatest common divisor of 1286 and 8?
2
Calculate the greatest common factor of 162 and 171.
9
What is the greatest common factor of 1898 and 2482?
146
Calculate the highest common divisor of 39 and 403.
13
What is the highest common factor of 3686 and 38?
38
What is the greatest common factor of 18 and 126?
18
What is the highest common factor of 1328 and 16?
16
Calculate the greatest common factor of 7 and 19.
1
Calculate the highest common factor of 265 and 106.
53
What is the greatest common divisor of 2367 and 9?
9
What is the greatest common factor of 87 and 754?
29
What is the highest common factor of 32 and 3184?
16
Calculate the highest common divisor of 1 and 32.
1
What is the highest common factor of 3690 and 164?
82
Calculate the highest common factor of 1146 and 21.
3
What is the highest common divisor of 81 and 102708?
81
Calculate the highest common factor of 216 and 45.
9
Calculate the greatest common factor of 729 and 21.
3
Calculate the highest common divisor of 352 and 308.
44
Calculate the highest common factor of 189 and 1575.
63
Calculate the highest common divisor of 23 and 276.
23
What is the highest common factor of 12160 and 64?
64
What is the highest common divisor of 4410 and 196?
98
What is the greatest common factor of 1292 and 136?
68
Calculate the highest common divisor of 3 and 1437.
3
What is the greatest common divisor of 364 and 8554?
182
What is the greatest common factor of 6608 and 280?
56
Calculate the highest common factor of 451 and 82.
41
Calculate the highest common factor of 96 and 30.
6
What is the greatest common factor of 14 and 3?
1
What is the greatest common 